 218. Let d be k(-6). Suppose d + 88 = 30*b. What is the highest common factor of b and 250?
10
Let p = 22 - -14. Let x = 23745 - 23691. Calculate the highest common divisor of p and x.
18
Let s be (-334)/5*1490/(-596). Calculate the highest common factor of 17869 and s.
167
Let u(j) = -62*j + 193. Let t be u(3). Suppose -t*l = 10*l - 1156. Calculate the highest common divisor of l and 119.
17
Suppose 3*f = 6*f - 210. Let r be (f/(-15) - -6)*(-309)/2. Let k be (-30)/(-45) - r/6. What is the greatest common divisor of 7 and k?
7
Let g = 17989 + -17399. What is the highest common factor of 9145 and g?
295
Suppose i = -i + 36. Suppose -6*a - 8 = -68. Calculate the highest common divisor of i and a.
2
Suppose -58*m - 22*m + 240348 = -153412. What is the greatest common divisor of 46 and m?
46
Let z be ((-2)/8*22)/((-42)/168). What is the highest common divisor of 902 and z?
22
Suppose -3*m = 3*a - 1866, -187*m - 5*a = -184*m - 1868. Calculate the highest common divisor of 138 and m.
69
Let r = -2327 - -2655. What is the highest common divisor of r and 41?
41
Suppose 0 = -k - 5*p + 558 - 427, 0 = 2*k + 2*p - 310. What is the greatest common divisor of k and 368?
23
Suppose -4*w - 3*f = -23886, -5*f = -3*w + 320 + 17638. What is the highest common divisor of 72 and w?
72
Let j be 7/420*516*(12 - 2). Calculate the greatest common divisor of j and 20.
2
Suppose 4*i - 850 = 3*c - 315, -i + 3*c = -127. What is the greatest common divisor of i and 12104?
136
Let u(d) = -2*d + 21. Let l = 142 + -134. Let q be u(l). Suppose -66 = -q*n + 24. Calculate the greatest common factor of 27 and n.
9
Let y(l) = l**3 + 6*l**2 - 8*l + 1. Suppose 8*i = 4*i + 12. Suppose i*z - 2*z + 7 = 0. Let b be y(z). Calculate the highest common divisor of b and 1.
1
Let h be 39 + 2 + (-116)/29. Let v be (1/(-5 - -4) - 3) + h. Suppose 9 = 5*x - 6. What is the greatest common factor of x and v?
3
Suppose -2*l = -4*c + 7*c - 4, 12 = 4*c - 4*l. Suppose 208 = 4*g + 4*j, c*j - 56 = g - 2*g. Calculate the greatest common factor of 128 and g.
16
Let c(i) = -174*i + 1770. Let m be c(10). Calculate the highest common factor of m and 1010.
10
Let c be (306/(-170))/((-2)/3770). What is the greatest common factor of 351 and c?
117
Let y be (-4)/(-5) - -95*116/725. Calculate the highest common divisor of y and 5416.
8
Suppose a - 116 = -g, -g = -3*g - a + 236. Let w be (1/2)/(5/g). Let b be (-45)/w*80/(-30). Calculate the greatest common factor of b and 25.
5
Suppose 49*r = -4*g + 47*r + 12014, 6021 = 2*g + 3*r. Calculate the highest common factor of 375 and g.
375
Suppose -g + 84 = g. Suppose 2*w + w + 127 = 5*p, w = -p - 53. Let h be (w - -42)/(2/(-2)). What is the greatest common divisor of g and h?
7
Let h = -32 + 25. Let j(g) = -g**3 - 5*g**2 + 5*g - 56. Let l be j(h). Calculate the highest common divisor of l and 371.
7
Suppose -4*l + 5*h + 1835 - 280 = 0, -5*h = l - 395. Calculate the greatest common divisor of l and 2210.
130
Let c(u) = -22*u + 3. Let g be c(6). Suppose 3*h = 5*k - 203, 83*h - 79*h + 5*k + 259 = 0. Let n = h - g. Calculate the highest common factor of n and 9.
9
Suppose 10*m - 10312 = 7838. Calculate the greatest common divisor of m and 825.
165
Suppose 25*d - 64223 = 40077. Calculate the highest common divisor of 84 and d.
28
Suppose -138 = -5*x - 0*x + 3*h, -5 = 5*h. Let b = x + -24. Suppose -j - 141 = -b*w, -2*w + j + 89 = -4. What is the highest common factor of w and 72?
24
Suppose -2*c = 2*c - 20. Let m = -228 + 236. Let g be (m/14)/(312/(-105) + 3). What is the greatest common factor of c and g?
5
Let p be (-6)/4*64/12. Let u be (-29)/((-6)/p - (-5 - -6)). Suppose -3*f = -u - 28. Calculate the highest common factor of 432 and f.
48
Suppose -2*c + 15988 = 26*c. Let x = c + -539. What is the greatest common factor of x and 512?
32
Suppose -5*l + 62 = -2*w - l, -5*w + 4*l = 179. Let f be -31 - -30 - -5*(11 + 0). Let q = f + w. What is the greatest common factor of 15 and q?
15
Let u(i) = -21*i - 197. Let b be u(-19). Calculate the greatest common factor of b and 4.
2
Let v be ((-10)/(-3))/(4/42). Suppose 2*t - 4 = p + p, -5*p - 4*t + v = 0. Let y be p - (-3 - -7 - 5). Calculate the highest common divisor of y and 32.
4
Let y(x) = 287*x**2 + 11*x + 34. Let q be y(-6). Suppose 3041 = -17*h + q. What is the highest common factor of h and 61?
61
Let h = -700 + 764. Calculate the greatest common factor of 1728 and h.
64
Let q be ((-124)/6)/(9490/(-2370) + 6 - 2). What is the highest common factor of 279 and q?
31
Suppose 2 = -2*s - 2*u, -4*s + 0*u - 5*u = 8. Let c be (-42)/(-4)*(-1)/s*8. Let r = c + 52. What is the greatest common divisor of 16 and r?
8
Suppose -216 = -6*a + w, -2*w + 0*w = -2*a + 72. Suppose 0 = -5*t + d + 89 - 39, -5*d = 0. Let x = t + -1. What is the highest common factor of a and x?
9
Let t(k) = -8*k + 4. Let d be t(-7). Let c be ((-21)/14)/((-6)/4)*-160. Let w be 36/10*(c/(-12))/8. What is the highest common divisor of w and d?
6
Suppose -2*t = -q + 495, -t - 4*t - 1481 = -3*q. Suppose -4*o = -d - 28 + 185, q = 3*d + 4*o. What is the highest common divisor of d and 23?
23
Suppose -109*k + 118*k - 135 = 0. Suppose 14*t + 16 = k*t. Calculate the greatest common factor of t and 256.
16
Let s(o) = -9*o - 4. Let a be s(-3). Let l(m) = 3*m**2 + 76*m - 40. Let v be l(-28). Calculate the highest common factor of v and a.
23
Suppose -4*d - 21 = v + 10, 4*v - 3*d = -219. Let u be (-4)/(-6)*v/(-2). Suppose 0 = -3*q + 255 - 51. What is the greatest common factor of q and u?
17
Let v(o) = o**2 + 13*o + 22. Let p be v(-11). Let k(z) = z**2 - 7*z + 2. Let g be k(p). Calculate the greatest common divisor of 146 and g.
2
Let h = -13 - -55. Suppose -73*d - 30*d = -21630. What is the greatest common factor of d and h?
42
Suppose 80 = -7*q - 6*q + 1822. Calculate the highest common divisor of q and 24254.
134
Suppose -46*v + 33483 + 44283 = 6282. What is the highest common factor of v and 5994?
222
Suppose q + 6 = 0, -2*z - 2*q = -237 + 221. What is the highest common divisor of 1708 and z?
14
Let r be 12/(-20) - (-221523)/205. What is the highest common factor of r and 200?
40
Let z(o) = -8*o - 14. Let b be z(-7). Let a be ((-427)/b)/1 + (-1)/(-6). Let j = 91 + a. Calculate the highest common factor of j and 9.
9
Suppose c - 12 = -4*p, p + 2 = 2*p. Let d(w) = -3*w - 19. Let z be d(-5). Let y be z - 42/(-5) - 6/15. Calculate the greatest common factor of c and y.
4
Suppose -3*q = 5*y - 2143, 116*q - 2125 = 113*q + 4*y. Calculate the highest common factor of 81 and q.
9
Suppose p + 2*p + 30 = 0. Let d be p/((-25)/5) - 9/(-3). What is the highest common divisor of d and 10?
5
Let n(v) = 9*v**2 + 14. Let r(l) = l**2 - 2. Let q(f) = n(f) + 6*r(f). Let y be q(2). What is the highest common factor of 806 and y?
62
Let d be (-230)/(-90)*3*2*162/4. What is the highest common divisor of d and 432?
27
Let s(h) = -h**2 - 14*h - 22. Let f be s(-13). Let n be ((-75)/f)/((-1)/(-21)). What is the greatest common divisor of n and 35?
35
Let t be (7131 + 5/5)*(714/56 - 9). What is the highest common factor of 15 and t?
15
Let t be (1 - -2)/(21/1631). Suppose 17*h - 709 = -t. Suppose -5*d + 47 = -93. What is the greatest common divisor of h and d?
28
Suppose 0*g - 5*g + 15 = 0. Suppose -21 = -4*h - g*l - 1, 0 = -4*l - 16. Let x = -74 + 146. Calculate the greatest common factor of h and x.
8
Suppose 0 = 9974*v - 10008*v + 186592. Calculate the greatest common factor of v and 112.
112
Let x(s) be the third derivative of s**6/120 + 23*s**5/60 + 15*s**4/8 - s**3/6 - 119*s**2. Let o be x(-19). What is the highest common factor of o and 14?
14
Let p(d) = 9*d**3 + 82*d + 32 - 10*d**3 + 23*d**2 - 16. Let o be p(26). Calculate the highest common divisor of 15 and o.
15
Suppose -7*u + 2*u = -360. Let x(l) = 5*l + 33. Let r be x(17). Let i = r + -100. Calculate the greatest common factor of i and u.
18
Let q be (-3)/(3/2)*(-19)/2. Suppose 0 = -9*d + 5*d - 4*m + 284, 4*d + 5*m - 279 = 0. Calculate the highest common divisor of d and q.
19
Suppose -2*o + 16 = 0, -24*g - 32 = -25*g + 4*o. What is the greatest common factor of g and 33216?
64
Let n be 24/9*12/16. Let o be (1 - 1)/(n - 1). Suppose 10 = 5*u - o*u. Calculate the greatest common factor of u and 3.
1
Let u be ((-3)/(-3) - 3) + 19. Let